e highest common divisor of 42 and 9226.
14
Calculate the greatest common factor of 92 and 8142.
46
Calculate the greatest common factor of 1417 and 26.
13
Calculate the greatest common factor of 319 and 1529.
11
What is the highest common factor of 3 and 44436?
3
Calculate the highest common divisor of 5499 and 117.
117
What is the greatest common factor of 80 and 64?
16
What is the highest common divisor of 9 and 711?
9
What is the highest common factor of 10 and 470?
10
Calculate the greatest common factor of 1648 and 721.
103
Calculate the greatest common divisor of 6222 and 408.
102
What is the highest common factor of 72 and 468?
36
Calculate the highest common factor of 3641 and 11.
11
What is the greatest common divisor of 781 and 71?
71
Calculate the highest common factor of 253 and 23.
23
What is the highest common divisor of 18 and 4608?
18
Calculate the greatest common factor of 29 and 24.
1
Calculate the greatest common factor of 21588 and 84.
84
Calculate the greatest common divisor of 33 and 3399.
33
Calculate the greatest common factor of 307 and 77057.
307
What is the greatest common divisor of 54 and 732?
6
Calculate the highest common factor of 3139 and 438.
73
What is the greatest common divisor of 27 and 18?
9
Calculate the highest common factor of 456 and 570.
114
What is the highest common factor of 57 and 4408?
19
Calculate the greatest common factor of 656 and 22468.
164
What is the highest common factor of 462 and 42?
42
What is the greatest common divisor of 21 and 56?
7
Calculate the greatest common divisor of 1425 and 75.
75
Calculate the greatest common divisor of 78 and 208.
26
What is the highest common divisor of 363 and 22?
11
What is the greatest common divisor of 8 and 200?
8
Calculate the greatest common divisor of 35 and 3815.
35
Calculate the highest common divisor of 1782 and 132.
66
Calculate the greatest common factor of 658 and 14.
14
Calculate the greatest common divisor of 60 and 5220.
60
Calculate the highest common factor of 182 and 224.
14
What is the greatest common divisor of 1 and 139?
1
What is the highest common factor of 154 and 66?
22
Calculate the greatest common divisor of 95 and 798.
19
Calculate the greatest common divisor of 41 and 74620.
41
Calculate the highest common factor of 460 and 736.
92
What is the highest common factor of 448 and 98?
14
Calculate the highest common divisor of 304 and 16.
16
Calculate the greatest common divisor of 1930 and 130.
10
Calculate the greatest common factor of 124 and 4.
4
Calculate the greatest common divisor of 10287 and 9.
9
Calculate the greatest common factor of 2233 and 77.
77
Calculate the highest common divisor of 5 and 695.
5
Calculate the highest common divisor of 154 and 1617.
77
Calculate the highest common divisor of 245 and 5.
5
What is the greatest common factor of 3261 and 9?
3
Calculate the highest common divisor of 1411 and 85.
17
What is the highest common divisor of 2656 and 32?
32
Calculate the highest common divisor of 2368 and 448.
64
Calculate the greatest common factor of 403 and 124.
31
What is the greatest common factor of 415 and 5?
5
Calculate the highest common factor of 11461 and 157.
157
What is the greatest common divisor of 1 and 28?
1
What is the greatest common divisor of 63 and 2016?
63
What is the highest common divisor of 84 and 105?
21
What is the greatest common factor of 26 and 3757?
13
Calculate the greatest common factor of 22 and 99.
11
Calculate the highest common factor of 14 and 1162.
14
Calculate the greatest common factor of 536 and 40.
8
What is the highest common factor of 3 and 49?
1
What is the highest common divisor of 635 and 40?
5
What is the greatest common factor of 29104 and 321?
107
What is the greatest common factor of 53973 and 27?
27
Calculate the highest common factor of 64 and 832.
64
What is the highest common divisor of 17 and 1853?
17
What is the greatest common divisor of 1332 and 342?
18
What is the highest common factor of 35 and 95?
5
What is the greatest common divisor of 108 and 8451?
27
What is the greatest common factor of 22 and 6358?
22
Calculate the greatest common divisor of 44 and 198.
22
What is the highest common divisor of 24 and 696?
24
What is the highest common divisor of 11 and 143?
11
What is the highest common factor of 87 and 16095?
87
Calculate the greatest common divisor of 164 and 588.
4
Calculate the highest common factor of 172 and 129.
43
Calculate the highest common factor of 2575 and 309.
103
What is the highest common divisor of 1030 and 10?
10
Calculate the highest common divisor of 65 and 3419.
13
What is the greatest common factor of 49 and 1813?
49
What is the highest common divisor of 351 and 13?
13
Calculate the highest common divisor of 165 and 3245.
55
What is the greatest common divisor of 1216 and 247?
19
Calculate the highest common divisor of 806 and 182.
26
Calculate the highest common divisor of 26 and 13338.
26
What is the highest common factor of 30 and 510?
30
Calculate the greatest common divisor of 129 and 2881.
43
What is the highest common divisor of 5719 and 43?
43
What is the highest common factor of 7 and 11557?
7
What is the highest common factor of 37 and 7289?
37
Calculate the highest common factor of 17 and 1700.
17
What is the highest common factor of 51 and 12?
3
Calculate the greatest common divisor of 18 and 1098.
18
Calculate the highest common divisor of 755 and 15.
5
Calculate the greatest common factor of 70 and 455.
35
Calculate the highest common factor of 9 and 1395.
9
What is the highest common divisor of 6084 and 72?
36
Calculate the greatest common divisor of 1611 and 9.
9
Calculate the greatest common divisor of 1615 and 765.
85
Calculate the greatest common factor of 22 and 31427.
11
What is the highest common factor of 1024 and 56?
8
What is the greatest common divisor of 85 and 3060?
85
What is the highest common factor of 756 and 28?
28
Calculate the greatest common divisor of 12 and 993.
3
What is the greatest common divisor of 32 and 3128?
8
Calculate the greatest common factor of 21 and 987.
21
What is the greatest common factor of 121 and 242?
121
Calculate the highest common factor of 406 and 290.
58
Calculate the highest common divisor of 1116 and 868.
124
What is the highest common factor of 589 and 19?
19
Calculate the greatest common divisor of 864 and 324.
108
What is the highest common divisor of 714 and 1224?
102
Calculate the greatest common factor of 11 and 3487.
11
Calculate the highest common factor of 82 and 246.
82
Calculate the highest common divisor of 69 and 184.
23
Calculate the greatest common divisor of 6026 and 1310.
262
What is the highest common divisor of 275 and 2585?
55
What is the greatest common divisor of 214 and 214?
214
Calculate the greatest common divisor of 23 and 943.
23
What is the highest common factor of 182 and 70?
14
Calculate the highest common factor of 360 and 135.
45
What is the greatest common factor of 11 and 18491?
11
What is the greatest common divisor of 128 and 584?
8
What is the greatest common divisor of 62 and 9238?
62
What is the greatest common divisor of 736 and 96?
32
Calculate the greatest common divisor of 171 and 19.
19
Calculate the greatest common factor of 7503 and 61.
61
Calculate the highest common divisor of 91 and 5369.
91
What is the highest common factor of 69 and 2622?
69
Calculate the greatest common factor of 11 and 17787.
11
Calculate the highest common divisor of 225 and 50.
25
Calculate the highest common factor of 49 and 56399.
49
Calculate the greatest common divisor of 1205 and 1446.
241
Calculate the greatest common factor of 12 and 93.
3
What is the highest common divisor of 325 and 25?
25
What is the highest common factor of 20 and 3340?
20
What is the greatest common divisor of 1089 and 858?
33
What is the highest common divisor of 28 and 154?
14
Calculate the highest common divisor of 9512 and 1276.
116
What is the greatest common divisor of 560 and 60?
20
What is the greatest common divisor of 29 and 4785?
29
What is the greatest common factor of 851 and 111?
37
Calculate the greatest common factor of 16556 and 4.
4
Calculate the highest common divisor of 996 and 132.
12
What is the greatest common divisor of 14